+ 15*y. Calculate the highest common divisor of 7 and p.
7
Let c be -2 - 178/(-6) - 5/(-15). Suppose 2*h - 8 = 3*y, 0 = 2*y - 4*y. What is the greatest common factor of c and h?
4
Let j be -6 + 10 - (-6 - 0). What is the greatest common divisor of j and 25?
5
Let r be 81 - ((-4)/6)/((-6)/9). What is the greatest common factor of r and 32?
16
Suppose 41*y = 25*y + 160. Calculate the greatest common factor of y and 250.
10
Suppose -2*p = -21*p + 1672. Let v(c) = -45*c - 3. Let w be v(-3). Calculate the highest common factor of w and p.
44
Let g be 22/132 - (-70)/12. Calculate the highest common divisor of 57 and g.
3
Suppose -13*y + u - 13 = -14*y, 5*y - u = 95. Let p be 26 - y - 1*4. Calculate the highest common divisor of p and 20.
4
Suppose 20*r = 12*r + 112. What is the greatest common factor of r and 434?
14
Let a(d) = -4*d + 1. Let q be a(-4). Suppose -g + 3*v = -178, v = -4*g - 2*v + 757. What is the greatest common divisor of q and g?
17
Suppose o + i - 10 = 0, 5*o + 15 = -2*i + 59. Let u be 1 + (-1 - 1) + o. Calculate the greatest common divisor of u and 77.
7
Let a be ((-33)/(-5))/((-7)/(-105)). Let x = a + 126. What is the greatest common factor of x and 25?
25
Let d(l) = 12*l. Let f be d(11). Suppose -c - f = -2*c. Let i be (48/(-10))/(4/(-10)). Calculate the highest common factor of c and i.
12
Suppose -2*y = 2*x + 3*x - 455, 2*x = -4*y + 934. Let p = y - 123. What is the highest common divisor of 56 and p?
56
Let c be (-11 + -10)*12/(-14). Suppose k = -0*k + c. What is the highest common divisor of 6 and k?
6
Let y(p) be the first derivative of -p**4/4 + 8*p**3/3 - 4*p**2 + 2*p + 5. Let m be y(6). Calculate the greatest common factor of 182 and m.
26
Let v be (36/(-5))/(69/(-1150)). Calculate the greatest common divisor of 8 and v.
8
Let l = -24 + 26. Let y be (22/l)/(1/4). What is the highest common factor of 110 and y?
22
Suppose -4*b = -s + 23, -11*s + 12*s = 2*b + 23. Let d be 16/3*207/6. What is the highest common divisor of s and d?
23
Let u = 59 - -25. Let h be 222/7 + -7*12/(-294). Suppose -h*m = -34*m + 24. Calculate the greatest common divisor of u and m.
12
Let u(q) = 407*q - 286. Let m be u(2). What is the highest common divisor of m and 11?
11
Suppose -s = -2 - 0. Suppose -s*u + 45 = 5. Suppose -u = -4*v - 4. What is the greatest common divisor of 36 and v?
4
Suppose 5*f - 8 = -3. What is the greatest common divisor of 27 and f?
1
Let i(o) = 9*o + 9. Let g be i(7). Suppose 0 = -2*q - 1 + 7, 2*q = -3*a + 15. Suppose 38 = a*p + 11. Calculate the greatest common divisor of g and p.
9
Let x = -60 + 76. Calculate the highest common factor of x and 1744.
16
Let t be 1/2 - 1/2. Suppose -4*r + t*r = -1620. Suppose -k = 2*k - r. Calculate the greatest common factor of 27 and k.
27
Let r(l) = -11*l**2 + 6*l + 109. Let x(y) = 4*y**2 - 2*y - 36. Let a(w) = 3*r(w) + 8*x(w). Let i be a(0). Calculate the greatest common factor of 156 and i.
39
Let r(x) = x + 11. Let f be r(-14). Let g be 8 + (-4)/(1 - f). Suppose -203 - 21 = -4*a. Calculate the greatest common factor of a and g.
7
Let f be -7 + -22*212/(-8). What is the highest common divisor of 36 and f?
36
Suppose 4*p - 4*s = 2*p + 106, 4*p - 188 = 2*s. What is the highest common factor of p and 855?
45
Let v be (-2)/4 + (-70)/(-4). Suppose 2*g + 10 = 0, 2*g + v = n + 4. Let q(s) = -s + 6. Let p be q(4). Calculate the greatest common divisor of n and p.
1
Let a = -10 - 77. Let j = a + 155. Suppose -5*g - 1 = c, -4*c - g + j = g. Calculate the highest common factor of c and 95.
19
Suppose 65 = -5*p + 20. Let n = 153 - 137. Let y = n + p. What is the greatest common factor of 49 and y?
7
Let n be (-11)/(-22)*58 - 2. What is the highest common divisor of 6 and n?
3
Let w(h) = -379*h + 139. Let m be w(-2). What is the highest common factor of 39 and m?
39
Let g(d) = d + 0 + 1 + 0*d + 0. Let y be g(1). Suppose y*i - 34 = b, 2*i + b - 34 = -b. Calculate the greatest common factor of 68 and i.
17
Suppose -3*k - 304 = -4*u + 438, -378 = -2*u + 5*k. What is the greatest common factor of u and 138?
46
Let m(a) = a**2 + 9*a - 5*a + 9*a + 0*a**2 + 6. Let k be m(-13). Let f be 4/(-3)*(-45)/k. What is the highest common divisor of f and 40?
10
Let a be -1 + 130/(-20)*-2. Calculate the highest common factor of a and 1116.
12
Let v be 110/25 - (-2)/(-5). Suppose -4*k = -v, -7*o + 3*o + 2*k = -46. What is the greatest common divisor of 12 and o?
12
Let q = -336 + 351. Calculate the greatest common divisor of 9 and q.
3
Let b = 407 + -396. Calculate the greatest common divisor of b and 418.
11
Suppose -4*g + 2*g - 6 = m, 0 = m - 4*g - 24. Calculate the greatest common divisor of m and 56.
4
Let a = 493 - 45. What is the greatest common factor of 56 and a?
56
Let c(a) be the first derivative of a**3/3 - a**2 - 9*a - 14. Let r be c(-4). Calculate the highest common divisor of 15 and r.
15
Suppose -d + 105 = 3*w, -9 = -5*w + 1. Let b(k) = k**2 - 10*k + 11. Let q be b(11). Let x = q - 11. What is the highest common factor of x and d?
11
Let a = 7 - -37. Let b be (-1)/(8/6) - (-5549)/124. Calculate the highest common divisor of a and b.
44
Let a = 0 + 2. Suppose a*h = 3*g + 182, -38 = -h - 5*g + 27. Suppose 3*n = 77 + h. Calculate the highest common divisor of n and 27.
27
Let s = 260 + -256. Let m = -5 - -16. Let n = m - 3. What is the greatest common divisor of n and s?
4
Let s be (5 + 81/(-15))*-60. What is the highest common factor of s and 456?
24
Let n = 346 - 308. Calculate the greatest common divisor of n and 779.
19
Let p be 17/102 + (-418)/(-12). Let b = -28 + p. What is the highest common factor of b and 21?
7
Suppose 3*y = -4*u + 224, 135 = 3*y - 3*u - 96. Suppose -2*k + 7 - 53 = 0. Let d = -4 - k. Calculate the highest common factor of d and y.
19
Suppose 0 = -4*d - 3*j + 135 + 532, 3*d - 469 = 4*j. Let t = -83 + d. Let u be (t/(-12))/((-4)/42). Calculate the greatest common divisor of 14 and u.
14
Let w be (-4130)/(-462) - (-2)/33. What is the greatest common divisor of 15 and w?
3
Let a be -5 - 0 - (-2)/4*68. Calculate the greatest common factor of a and 319.
29
Let j(m) = 7*m**2 - 6*m. Let h be j(4). Let n be (-28)/(-21)*3 + 7. Calculate the highest common divisor of n and h.
11
Let i = -448 - -529. What is the highest common divisor of i and 12?
3
Suppose -3*s - 5*w + 475 = 2*s, 0 = -s + 3*w + 99. Calculate the highest common divisor of 4 and s.
4
Let y = -21 - -21. Suppose -4*n - 192 = -y*n. Let b be 18/12*n/(-9). What is the greatest common divisor of b and 32?
8
Let z = 15 - -54. Let o = 3 + z. What is the highest common divisor of 24 and o?
24
Suppose -7*g - 4*g = -594. What is the greatest common divisor of g and 54?
54
Let c be -25 + (-4 - -4) + 4. Let v be (1 - 0 - c) + -4. What is the greatest common factor of v and 2?
2
Suppose -3*i - 3*w = -417, w = 2*i - 89 - 192. Calculate the greatest common factor of 252 and i.
28
Let l(j) = -63*j - 33. Let x be l(-3). Calculate the highest common divisor of 48 and x.
12
Let h(g) = -38*g - 58. Let s be h(-3). Calculate the highest common divisor of 4536 and s.
56
Suppose 0 = -3*z - 2*l + 11, 3*z + 5*l = 4*l + 10. What is the greatest common factor of 159 and z?
3
Let b(z) = 8*z + 9. Let y be b(12). Suppose 3*w = 8*w - y. Let s be (-8 + 7)/(1/(-14)). Calculate the highest common divisor of w and s.
7
Suppose -3*i - 4*r = -2929, 2*i + r - 408 = 1543. What is the highest common divisor of i and 75?
75
Let g(t) = t**2 + 6*t - 5. Let q be g(-7). Let r = -7 + 29. What is the greatest common factor of q and r?
2
Suppose 2*j + 6 = 0, 2*b - 414 = 5*j + 241. What is the greatest common divisor of b and 10?
10
Let m be (-2)/8 + (495/(-20))/(-11). Suppose 59 = m*f - 53. What is the greatest common divisor of 28 and f?
28
Let j be (143/4)/(1/8). Calculate the greatest common factor of j and 44.
22
Let o(x) = x**3 - 5*x**2 - 4. Let z be o(6). Suppose 0 = -3*a - w - 0*w + 25, 5*w + 35 = 5*a. What is the greatest common factor of z and a?
8
Let t = -12 - -2. Let q be (-2 - 12/t)/((-5)/25). Calculate the highest common divisor of 4 and q.
4
Suppose 222 = l - 4*r, 6*l - 4*r = 4*l + 456. Suppose -o - 21 = -0*o. Let t be (-360)/(-14) + (-6)/o. What is the highest common divisor of l and t?
26
Let m = -8 + 13. Suppose -p - 6 = -m*o - 3, 2*o - 4*p - 12 = 0.